{"id":77,"date":"2024-06-29T10:47:13","date_gmt":"2024-06-29T10:47:13","guid":{"rendered":"https:\/\/pravljice.org\/pravljice2\/?page_id=77"},"modified":"2025-03-26T18:54:48","modified_gmt":"2025-03-26T18:54:48","slug":"disney","status":"publish","type":"page","link":"https:\/\/pravljice.org\/pravljice\/o-pravljicah\/disney\/","title":{"rendered":"Walt Disney: domi\u0161ljija, optimizem, ustvarjalnost"},"content":{"rendered":"\n<div class=\"wp-block-columns is-layout-flex wp-container-core-columns-is-layout-28f84493 wp-block-columns-is-layout-flex\">\n<div class=\"wp-block-column is-layout-flow wp-block-column-is-layout-flow\">\n<figure class=\"wp-block-image size-full\"><img loading=\"lazy\" decoding=\"async\" width=\"350\" height=\"411\" src=\"https:\/\/pravljice.org\/pravljice\/wp-content\/uploads\/2025\/03\/walt-disney.jpg\" alt=\"\" class=\"wp-image-342\" srcset=\"https:\/\/pravljice.org\/pravljice\/wp-content\/uploads\/2025\/03\/walt-disney.jpg 350w, https:\/\/pravljice.org\/pravljice\/wp-content\/uploads\/2025\/03\/walt-disney-255x300.jpg 255w\" sizes=\"auto, (max-width: 350px) 100vw, 350px\" \/><\/figure>\n<\/div>\n<\/div>\n\n\n\n<p>Walt Disney (izg. Dizni) je bil ameri\u0161ki animator, igralec, producent in \u010dlovekoljub, predvsem pa \u010dlovek, ki je sanje nenehno spreminjal v resni\u010dnost.<\/p>\n\n\n\n<p>Ustvaril ali soustvaril je \u0161tevilne priljubljene like, kot so&nbsp;<a href=\"https:\/\/pravljice.org\/pravljice\/o-pravljicah\/miki-miska\">Miki Mi\u0161ka<\/a>, Jaka Racman, Pepe, Pluton in drugi, a \u0161e ve\u010d uspehov je dosegel z ekranizacijo klasi\u010dnih pravljic, kot so Snegulj\u010dica, Pepelka ali Trnulj\u010dica.<\/p>\n\n\n\n<p>Izvrstno je izkori\u0161\u010dal tehnolo\u0161ka odkritja in nove medije, zato je prvi podpisal sinhronizirano risanko, celove\u010derni animirani film, bil je pionir na podro\u010djih animacije in televizije, ne nazadnje tudi ustanovitelj zabavi\u0161\u010dnega parka Disneyland.<\/p>\n\n\n\n<p>Podjetje, ki ga je ustanovil Walt Disney, je danes z desetinami milijard dolarjev letnega prometa eno najuspe\u0161nej\u0161ih na svetu na podro\u010dju zalo\u017eni\u0161tva, medijev in zabave.<\/p>\n\n\n\n<p><strong>Te\u017eko otro\u0161tvo<\/strong><\/p>\n\n\n\n<p>Walter Elias Disney se je rodil 1. decembra 1902 v Chicagu o\u010detu Eliasu in materi Flori kot \u010detrti sin v dru\u017eini s petimi otroki (za njim se je rodila \u0161e prva in edina sestra Ruth). Njegovo mladost so v veliki meri zaznamovale o\u010detove poslovne odlo\u010ditve, ki se je preizku\u0161al kot zlatokop, \u017eelezni\u0161ki delavec, gradbenik, kmetovalec, tesar in \u0161e kaj.<\/p>\n\n\n\n<p>Najzgodnej\u0161e otro\u0161tvo je Walt pre\u017eivel v Marcelinu, mestecu v zvezni dr\u017eavi Missouri, na katerega je ohranil najlep\u0161e spomine. Ulica Main Street v kasneje zgrajenem Disneylandu je bil navdahnjena z ulico, v kateri je \u017eivel mali Walt. Waltova ljubezen do vlakov se je prav tako za\u010dela tam, saj je utrip Marcelina v celoti dolo\u010dala \u017eeleznica, ki je vodila skozenj.<\/p>\n\n\n\n<p>Njegov nemirni o\u010de se je po \u0161tirih letih naveli\u010dal kmetovanja (nagajalo mu je tudi zdravje), najstarej\u0161a brata sta od\u0161la po svoje in preostanek dru\u017eine se je preselil v Kansas City, kjer je Elias kupil lokalni \u010dasopis.<\/p>\n\n\n\n<div class=\"wp-block-columns is-layout-flex wp-container-core-columns-is-layout-28f84493 wp-block-columns-is-layout-flex\">\n<div class=\"wp-block-column is-layout-flow wp-block-column-is-layout-flow\">\n<figure class=\"wp-block-image size-full\"><img loading=\"lazy\" decoding=\"async\" width=\"600\" height=\"223\" src=\"https:\/\/pravljice.org\/pravljice\/wp-content\/uploads\/2025\/03\/walt-disney-citat.jpg\" alt=\"\" class=\"wp-image-343\" srcset=\"https:\/\/pravljice.org\/pravljice\/wp-content\/uploads\/2025\/03\/walt-disney-citat.jpg 600w, https:\/\/pravljice.org\/pravljice\/wp-content\/uploads\/2025\/03\/walt-disney-citat-300x112.jpg 300w\" sizes=\"auto, (max-width: 600px) 100vw, 600px\" \/><\/figure>\n<\/div>\n<\/div>\n\n\n\n<p>Walt je \u017ee kot otrok dru\u017einskemu prora\u010dunu pomagal kot razna\u0161alec \u010dasopisov, delal pa je tudi kot dostavljalec mleka in prodajalec prigrizkov na vlakih. V tem obdobju je razvil ljubezen do risanja in \u017ee zaslu\u017eil nekaj drobi\u017ea s prodajo risbic sosedom in znancem.<\/p>\n\n\n\n<p>Trdo delo so spremljali tudi o\u010detovi udarci, zaradi \u010desar je dru\u017eino zapustil \u0161e Waltov brat Roy, na katerega je bil najbolj navezan in s katerim sta kasneje ponovno obudila stike in ostala povezana vse do smrti.<\/p>\n\n\n\n<div class=\"wp-block-columns is-layout-flex wp-container-core-columns-is-layout-28f84493 wp-block-columns-is-layout-flex\">\n<div class=\"wp-block-column is-layout-flow wp-block-column-is-layout-flow\">\n<figure class=\"wp-block-image size-full\"><img loading=\"lazy\" decoding=\"async\" width=\"400\" height=\"284\" src=\"https:\/\/pravljice.org\/pravljice\/wp-content\/uploads\/2025\/03\/disney-in-risanke.jpg\" alt=\"\" class=\"wp-image-345\" srcset=\"https:\/\/pravljice.org\/pravljice\/wp-content\/uploads\/2025\/03\/disney-in-risanke.jpg 400w, https:\/\/pravljice.org\/pravljice\/wp-content\/uploads\/2025\/03\/disney-in-risanke-300x213.jpg 300w\" sizes=\"auto, (max-width: 400px) 100vw, 400px\" \/><\/figure>\n<\/div>\n<\/div>\n\n\n\n<p><strong>Umetnik<\/strong><\/p>\n\n\n\n<p>Walt se je po novi selitvi (o\u010de je dru\u017einsko premo\u017eenje nalo\u017eil v tovarno marmelade v Chicagu) \u0161e bolj posvetil risanju, obiskoval te\u010daje, predvsem pa iskal prilo\u017enost za odhod, ki se je pojavila z drugo svetovno vojno.<\/p>\n\n\n\n<p>Prijavil se je v vojsko, a ga zaradi mladosti niso sprejeli. Je pa postal voznik re\u0161evalnega vozila v francoskem zaledju, leto kasneje pa se je vrnil v Kansas City, kjer mu je do slu\u017ebe pomagal ravno Roy.<\/p>\n\n\n\n<p>Kmalu za tem je Walt s prijateljem Ubbeom Iwerksom ustanovil svoje prvo podjetje, namenjeno izdelavi kratkih animiranih propagandnih filmov. Pomanjkanje izku\u0161enj in strank sta vodila v hiter propad.<\/p>\n\n\n\n<p>Walt je za kratek \u010das prekinil risarsko kariero in sklenil poskusiti sre\u010do kot hollywoodski re\u017eiser. Tudi tokrat ni \u0161lo, tako da se je vrnil k animaciji, tokrat z bratom Royem in \u0161e enkrat z Iwerksom, ki velja med poznavalci za klju\u010dno osebo pri Disneyevem kon\u010dnem uspehu.<\/p>\n\n\n\n<p>S svojimi posnetki je uspel zbuditi zanimanje pri Margaret Winkler, kar mu je kasneje odprlo vrata do sodelovanja z Universal Studios.<\/p>\n\n\n\n<p><strong>Disney in risanke<\/strong><\/p>\n\n\n\n<p>Disneyev najve\u010dji uspeh je bil zajec Oswald, ki ga je njegov studio risal za Universal. Toda Universal je izkoristil Disneyeve finan\u010dne te\u017eave in prevzel ve\u010dino njegovih najbolj\u0161ih risarjev (z izjemo Iwerksa). Tako je bil Walt, ko je ravno kazalo, da bo kon\u010dno uspel, ponovno na za\u010detku.<\/p>\n\n\n\n<p>Sklenil je poskusiti z novim likom, za katerega bi imel vse pravice sam in tako je leta 1928 nastal Miki Mi\u0161ka, ki mu je pot do uspeha tlakovalo Waltovo navdu\u0161enje nad novostmi.<\/p>\n\n\n\n<div class=\"wp-block-columns is-layout-flex wp-container-core-columns-is-layout-28f84493 wp-block-columns-is-layout-flex\">\n<div class=\"wp-block-column is-layout-flow wp-block-column-is-layout-flow\">\n<figure class=\"wp-block-image size-full\"><img loading=\"lazy\" decoding=\"async\" width=\"600\" height=\"118\" src=\"https:\/\/pravljice.org\/pravljice\/wp-content\/uploads\/2025\/03\/walt-disney-citat-miki.jpg\" alt=\"\" class=\"wp-image-346\" srcset=\"https:\/\/pravljice.org\/pravljice\/wp-content\/uploads\/2025\/03\/walt-disney-citat-miki.jpg 600w, https:\/\/pravljice.org\/pravljice\/wp-content\/uploads\/2025\/03\/walt-disney-citat-miki-300x59.jpg 300w\" sizes=\"auto, (max-width: 600px) 100vw, 600px\" \/><\/figure>\n<\/div>\n<\/div>\n\n\n\n<p>\u017de prej je videl zvo\u010dne animirane filme in sinhronizirani igrani zvo\u010dni film, a sinhronizirane risanke ni napravil \u0161e nih\u010de. Ko je sinhroniziral prve risanke o Mikiju Mi\u0161ki (do sinhronizacije zanje ni bilo zanimanja), so gledalci za\u010deli dobesedno dreti v kino dvorane. Kot zanimivost lahko dodamo, da je Mikiju (in nekaj \u010dasa tudi Mini) glas do leta 1947 posojal kar sam.<\/p>\n\n\n\n<p>Disney je ustanovil prvi klub obo\u017eevalcev, posnel \u0161e ve\u010d risank, slabo desetletje pozneje pa postavil nov mejnik: prvo celove\u010derno risanko, seveda v barvah in z zvokom.<\/p>\n\n\n\n<div class=\"wp-block-columns is-layout-flex wp-container-core-columns-is-layout-28f84493 wp-block-columns-is-layout-flex\">\n<div class=\"wp-block-column is-layout-flow wp-block-column-is-layout-flow\">\n<figure class=\"wp-block-image size-full\"><img loading=\"lazy\" decoding=\"async\" width=\"400\" height=\"320\" src=\"https:\/\/pravljice.org\/pravljice\/wp-content\/uploads\/2025\/03\/walt-disney-sneguljcica.jpg\" alt=\"\" class=\"wp-image-347\" srcset=\"https:\/\/pravljice.org\/pravljice\/wp-content\/uploads\/2025\/03\/walt-disney-sneguljcica.jpg 400w, https:\/\/pravljice.org\/pravljice\/wp-content\/uploads\/2025\/03\/walt-disney-sneguljcica-300x240.jpg 300w\" sizes=\"auto, (max-width: 400px) 100vw, 400px\" \/><\/figure>\n<\/div>\n<\/div>\n\n\n\n<p>To je bila Snegulj\u010dica in sedem pal\u010dkov, ki \u0161e danes prepri\u010da s svojo tehni\u010dno kakovostjo, z njo pa se je za\u010dela tudi danes tako znana Disneyeva blagovna znamka princesk (sicer ustanovljena ve\u010d kot pol stoletja kasneje).<\/p>\n\n\n\n<p>Kakovost je obrodila sadove tudi na podro\u010dju nagrad. Walt Disney je samo s Snegulj\u010dico in sedmimi pal\u010dki osvojil osem oskarjev.<\/p>\n\n\n\n<p><strong>Vizionar<\/strong><\/p>\n\n\n\n<p>Disney je med prvimi za\u010dutil prilo\u017enost televizije, medija, ki je zabavo pripeljal kar na dom in ustanovil Klub Mikija Mi\u0161ke, in tematskih zabavi\u0161\u010dnih parkov, saj je sklenil postaviti Disneyland po vzoru nekaterih \u017ee obstoje\u010dih parkov, a s svojimi lastnimi domislicami.<\/p>\n\n\n\n<p>Po uspehu Disneylanda je najavil \u0161e gradnjo Disney Worlda, vendar otvoritve ni do\u010dakal, saj je 15. decembra 1966 umrl za plju\u010dnim rakom. Projekt je dokon\u010dal njegov brat Roy, ki ga je preimenoval v Walt Disney World, parku pa so sledili \u0161e drugi v ZDA in po svetu.<\/p>\n\n\n\n<p>\u010ceprav bo kmalu minilo petdeset let od smrti velikega vizionarja, je Walt Disney prek svojih del danes \u017eiv boljkot kdajkoli prej.<\/p>\n","protected":false},"excerpt":{"rendered":"<p>Walt Disney (izg. Dizni) je bil ameri\u0161ki animator, igralec, producent in \u010dlovekoljub, predvsem pa \u010dlovek, ki je sanje nenehno spreminjal v resni\u010dnost. Ustvaril ali soustvaril je \u0161tevilne priljubljene like, kot so&nbsp;Miki Mi\u0161ka, Jaka Racman, Pepe, Pluton in drugi, a \u0161e ve\u010d uspehov je dosegel z ekranizacijo klasi\u010dnih pravljic, kot so Snegulj\u010dica, Pepelka ali Trnulj\u010dica. Izvrstno [&hellip;]<\/p>\n","protected":false},"author":1,"featured_media":0,"parent":19,"menu_order":1,"comment_status":"closed","ping_status":"closed","template":"","meta":{"_siteseo_robots_primary_cat":"","footnotes":""},"class_list":["post-77","page","type-page","status-publish","hentry"],"_links":{"self":[{"href":"https:\/\/pravljice.org\/pravljice\/wp-json\/wp\/v2\/pages\/77","targetHints":{"allow":["GET"]}}],"collection":[{"href":"https:\/\/pravljice.org\/pravljice\/wp-json\/wp\/v2\/pages"}],"about":[{"href":"https:\/\/pravljice.org\/pravljice\/wp-json\/wp\/v2\/types\/page"}],"author":[{"embeddable":true,"href":"https:\/\/pravljice.org\/pravljice\/wp-json\/wp\/v2\/users\/1"}],"replies":[{"embeddable":true,"href":"https:\/\/pravljice.org\/pravljice\/wp-json\/wp\/v2\/comments?post=77"}],"version-history":[{"count":2,"href":"https:\/\/pravljice.org\/pravljice\/wp-json\/wp\/v2\/pages\/77\/revisions"}],"predecessor-version":[{"id":348,"href":"https:\/\/pravljice.org\/pravljice\/wp-json\/wp\/v2\/pages\/77\/revisions\/348"}],"up":[{"embeddable":true,"href":"https:\/\/pravljice.org\/pravljice\/wp-json\/wp\/v2\/pages\/19"}],"wp:attachment":[{"href":"https:\/\/pravljice.org\/pravljice\/wp-json\/wp\/v2\/media?parent=77"}],"curies":[{"name":"wp","href":"https:\/\/api.w.org\/{rel}","templated":true}]}}